the greatest common divisor of 24 and m.
12
Let l = 95 + -89. Calculate the highest common divisor of 42 and l.
6
Let u = -1 - -6. Suppose -u*k + 40 = 2*y, -4*y + 0*k + k + 124 = 0. Let l be 1 + 1*y/2. What is the highest common divisor of l and 8?
8
Suppose -6 = 3*g - 2*b, b = 3*g - g + 3. Suppose s + l = 16, -3*l = s - 20 - g. Suppose 0 = 4*p - 42 + s. Calculate the greatest common divisor of p and 28.
7
Let w(i) = 0 + 4 + i**2 + 5*i + 3*i. Let q be w(-8). Suppose 0 = -q*f + 16, -5*f = -k - 10*f + 26. What is the highest common factor of k and 30?
6
Let b(k) = -k**2 + 7*k + 4. Let r be b(7). Suppose r*z = z + 24. Calculate the greatest common divisor of 16 and z.
8
Let a(k) = 9*k - 6. Let x be a(6). Suppose -g = 2*g - x. What is the greatest common factor of 80 and g?
16
Suppose -y = 5*k + 2*y, 0 = -4*k + 5*y - 37. Let g = k + 12. Calculate the greatest common divisor of g and 99.
9
Let d = 6 - -28. What is the highest common divisor of 51 and d?
17
Suppose 0*g + 3*g = 9. What is the highest common factor of g and 1?
1
Let b(v) = -27*v - 2. Let o be b(-2). Let u(w) = w**3 + 2*w**2 - 2*w - 1. Let m be u(-2). Let d be 21*2/m + -1. Calculate the highest common divisor of o and d.
13
Suppose -2*n - 24 = -4*n. What is the highest common factor of 8 and n?
4
Let z(t) be the third derivative of -t**5/60 - t**4/2 + 2*t**3/3 - t**2. Let c be z(-6). What is the highest common factor of 20 and c?
20
Suppose -8*x = -6*x - 172. Let l = x - 54. Suppose -15 - 1 = -2*a. What is the greatest common divisor of a and l?
8
Suppose 4 + 6 = 5*c. What is the greatest common divisor of c and 2?
2
Suppose -11*b + 8*b = -33. Let m(c) = 3*c**2 - 2*c + 4. Let y(o) = 4*o**2. Let f be y(-1). Let x be m(f). Calculate the highest common factor of x and b.
11
Let g = -10 + 14. Suppose 3 = -2*s + 23. Calculate the greatest common divisor of s and g.
2
Let b = -31 + 85. Calculate the highest common divisor of 36 and b.
18
Let k = 7 + -2. Suppose -k*n + 17 + 28 = 0. Calculate the greatest common divisor of n and 81.
9
Let b be (-1)/(-1) + 4 + (12 - 5). What is the greatest common divisor of 48 and b?
12
Let o = 56 - -12. Calculate the greatest common factor of 170 and o.
34
Let i be (-1)/8 + (7 - 34/(-16)). Let c = -1 + 1. Suppose 3*w = -c*w + 135. Calculate the greatest common factor of w and i.
9
Let k = -25 - -57. Calculate the greatest common factor of k and 8.
8
Suppose -z = -5 + 89. Let t = 36 + z. Let c be 0*3/(-9) - t. What is the highest common divisor of c and 12?
12
Let r(t) = -t**2 + 4*t + 12. Let h be r(5). What is the highest common divisor of h and 7?
7
Let v = 2 + 0. Let r(g) = -7*g + 0*g + v*g + 2*g - 7. Let h be r(-7). Calculate the highest common divisor of 98 and h.
14
Let s(i) be the first derivative of -i**4/4 - 4*i**3 - 6*i**2 - 7*i - 2. Let v = -11 + 0. Let u be s(v). What is the highest common divisor of u and 44?
4
Let x be 3/(18/(-3))*-12. Let c(g) = -g**2 + 8*g - 8. Let y be c(x). What is the greatest common divisor of 32 and y?
4
Let u = -101 - -113. What is the greatest common divisor of u and 54?
6
Let b = 89 + -61. Let m(q) = -q**2 - 7*q + 4. Let r be m(-7). What is the greatest common factor of b and r?
4
Let y be ((-20)/25)/(1/(-15)). Calculate the greatest common divisor of 12 and y.
12
Suppose -m + 2 = -2. Let q = -1 - -3. Calculate the highest common factor of m and q.
2
Suppose 0 = -4*n + z + 4, 2*z = -3*n - 2*n + 18. Suppose 7 + 17 = n*o. Let m be o/8*8/6. What is the highest common factor of m and 6?
2
Suppose -4 = -2*y - 2, -3*q = 4*y - 22. Suppose o = q - 0. Calculate the highest common divisor of 42 and o.
6
Suppose -4*z + 72 - 24 = 2*p, -2*z = -5*p + 96. Calculate the highest common divisor of p and 5.
5
Let z = 15 - 4. What is the highest common factor of 11 and z?
11
Let u(a) = 13*a + 0 - 3 + 4. Let r be u(3). Let b be (0 - -2) + (r - -2). What is the highest common divisor of 11 and b?
11
Let f = 120 + -86. What is the greatest common factor of 17 and f?
17
Let f be 10/4*2/1. Suppose 2*v - 11 = -4*y - 27, 0 = -v + f*y + 27. Suppose v*m - 46 = -5*i - m, 5*m - 2 = i. Calculate the highest common divisor of 24 and i.
8
Suppose -5*d + 7*d = 24. Let y = -3 + 15. What is the greatest common factor of y and d?
12
Suppose t - 61 = -11. Let n = t + -14. What is the highest common factor of n and 18?
18
Let q = -10 + 13. Calculate the greatest common factor of q and 12.
3
Suppose 0 = -j - 2*u + 20, -j + 2*j = 3*u + 15. Calculate the highest common divisor of 2 and j.
2
Let z be (45/24)/(-3)*(-1 + -7). Let c be (-179)/(-4) + (-1)/(-4). Calculate the highest common factor of z and c.
5
Suppose 2*j - 7*j + 51 = 3*m, 3*j = 3*m - 51. Suppose 0 = v - 39 - m. Let g be (-4)/18 + 130/18. Calculate the greatest common divisor of v and g.
7
Suppose b = -0*o + o - 26, -2*o = 5*b - 17. What is the greatest common divisor of 14 and o?
7
Let b(y) = -72*y + 8. Let w(c) = 108*c - 12. Let x(i) = 8*b(i) + 5*w(i). Let m be x(-3). What is the greatest common factor of 16 and m?
16
Let v(x) = 7*x**2 - 5*x + 22. Let i be v(5). What is the highest common factor of i and 43?
43
Suppose 3*r - 3*a + 2*a - 1170 = 0, -4*r + 2*a + 1560 = 0. What is the highest common factor of 39 and r?
39
Suppose -3*w + 0*w = 0. Suppose -3*t + 44 = 3*q - 2*t, -5*q - 5*t + 60 = w. What is the greatest common divisor of q and 40?
8
Suppose -4*r + 2*r + 188 = 0. Let g = 248 - r. Let p(a) = 3*a**2 + 2. Let d be p(2). Calculate the highest common divisor of d and g.
14
Suppose -4 + 2 = -w. Suppose 4*a = 2*a + 4, 0 = w*x - 3*a - 34. Calculate the highest common factor of 50 and x.
10
Let b = 2 - -1. Suppose b*z - 48 = -3. What is the greatest common divisor of z and 6?
3
Suppose -21 = 9*p - 66. What is the highest common divisor of 1 and p?
1
Let k(w) = 4*w + 7. Let t be k(4). What is the highest common divisor of t and 115?
23
Suppose 0 = n - 0*n + 2. Let d be n + 1 - (-7 + 5). Suppose k - 33 = -3*i + 3*k, 2*k = 4*i - 44. What is the greatest common divisor of i and d?
1
Suppose -2*g = g, -5*m - 10 = 2*g. Let x be (-1)/(3/(-2) - m). Let q = 2 - x. What is the highest common factor of 6 and q?
2
Suppose 2*d = -5*x + 12, -5*d + 0*x - 3*x = -11. Let a be 0 + 6*4/d. Calculate the greatest common factor of 3 and a.
3
Let d = 8 - 1. Suppose 4*l + 0*l - 580 = -4*f, -f = -2*l + 296. Suppose -2*g + l = g. Calculate the highest common factor of g and d.
7
Let s = 18 - -8. What is the highest common divisor of 104 and s?
26
Let z(n) = n + 24. Let c be z(-10). What is the greatest common factor of c and 28?
14
Let p(t) = -t**3 - 9*t**2 + 21*t + 5. Let g be p(-11). Calculate the highest common factor of g and 4.
4
Let h(d) = 10*d - 6. Let k be (-2 - -14)/(0 + 2). Let b be h(k). Let u be -3*4*(-5 - -2). Calculate the greatest common factor of b and u.
18
Let n = 35 - 17. Calculate the highest common divisor of 45 and n.
9
Suppose 0 = -0*c - c - 5, -5*s = 5*c + 25. Suppose s = -4*h - 3*u + 61, 4*h + 4*u - 45 = 11. Calculate the greatest common factor of h and 152.
19
Suppose 0*k = -k + 7. Let h = k - -9. Let y be (16/6)/((-3)/(-45)). What is the greatest common factor of h and y?
8
Let r(n) = 10*n**2 + n - 1. Let z be r(1). Let k = 271 - 246. Calculate the highest common factor of k and z.
5
Let m(i) = -31*i**2 - 4*i - 1. Let p be m(3). Suppose -2*f = 5*l - 851, 2*l - 10 = -0*l. Let y = f + p. Calculate the greatest common factor of y and 11.
11
Let u = -83 + 89. What is the highest common factor of 96 and u?
6
Let f be (72/15)/(6/45). Let g = 0 + f. Calculate the highest common factor of g and 18.
18
Let x be (-4)/(-6) - (-57)/9. Let u be (-471)/7 + 2/x. Let n = u - -111. Calculate the greatest common divisor of 4 and n.
4
Suppose 0 = 13*m - 3 - 23. What is the highest common divisor of m and 22?
2
Let z be ((-3)/15)/((-1)/5)*20. What is the highest common factor of 50 and z?
10
Let k be (-40)/(-22) + (-20)/(-110). What is the greatest common factor of 22 and k?
2
Suppose -3*a = -2*a. Suppose j + 4*j - 5*d - 130 = a, -17 = -2*j - 5*d. What is the greatest common factor of j and 3?
3
Let h = 9 + 11. Calculate the greatest common factor of h and 4.
4
Suppose -2*j + 115 = 3*j. What is the highest common factor of j and 23?
23
Suppose 6*t - 2*t - 204 = 0. Let j = t + -19. What is the highest common divi